t is the thousands digit of 1560?
1
What is the hundreds digit of 4700?
7
What is the tens digit of 321?
2
What is the tens digit of 942?
4
What is the tens digit of 17016?
1
What is the thousands digit of 29172?
9
What is the ten thousands digit of 26767?
2
What is the units digit of 15387?
7
What is the hundreds digit of 472?
4
What is the tens digit of 80325?
2
What is the ten thousands digit of 44190?
4
What is the units digit of 16044?
4
What is the tens digit of 121?
2
What is the thousands digit of 11690?
1
What is the tens digit of 22713?
1
What is the thousands digit of 2258?
2
What is the ten thousands digit of 33029?
3
What is the units digit of 17949?
9
What is the tens digit of 17814?
1
What is the tens digit of 4417?
1
What is the tens digit of 63699?
9
What is the thousands digit of 4531?
4
What is the hundreds digit of 6436?
4
What is the tens digit of 821?
2
What is the hundreds digit of 57323?
3
What is the thousands digit of 17372?
7
What is the tens digit of 50351?
5
What is the tens digit of 120?
2
What is the units digit of 2022?
2
What is the ten thousands digit of 14404?
1
What is the units digit of 1680?
0
What is the thousands digit of 116734?
6
What is the ten thousands digit of 30910?
3
What is the hundreds digit of 1180?
1
What is the units digit of 8762?
2
What is the tens digit of 685?
8
What is the units digit of 4514?
4
What is the hundreds digit of 91045?
0
What is the hundreds digit of 19095?
0
What is the thousands digit of 9965?
9
What is the thousands digit of 65543?
5
What is the thousands digit of 6444?
6
What is the units digit of 1681?
1
What is the units digit of 464?
4
What is the tens digit of 52654?
5
What is the hundreds digit of 40862?
8
What is the hundreds digit of 76654?
6
What is the hundreds digit of 1310?
3
What is the tens digit of 22934?
3
What is the hundreds digit of 9180?
1
What is the units digit of 111272?
2
What is the ten thousands digit of 20689?
2
What is the hundreds digit of 75831?
8
What is the thousands digit of 30033?
0
What is the hundreds digit of 4764?
7
What is the hundreds digit of 40035?
0
What is the thousands digit of 7284?
7
What is the units digit of 1841?
1
What is the hundreds digit of 1841?
8
What is the units digit of 145?
5
What is the units digit of 16147?
7
What is the ten thousands digit of 179083?
7
What is the hundreds digit of 1383?
3
What is the hundreds digit of 14226?
2
What is the hundreds digit of 712?
7
What is the units digit of 4587?
7
What is the hundreds digit of 1734?
7
What is the thousands digit of 55969?
5
What is the hundreds digit of 19301?
3
What is the tens digit of 290?
9
What is the units digit of 14115?
5
What is the hundreds digit of 22480?
4
What is the units digit of 51?
1
What is the tens digit of 4208?
0
What is the thousands digit of 18988?
8
What is the units digit of 481?
1
What is the units digit of 75374?
4
What is the hundreds digit of 3419?
4
What is the hundreds digit of 552?
5
What is the tens digit of 1805?
0
What is the thousands digit of 6578?
6
What is the hundreds digit of 6227?
2
What is the hundreds digit of 2665?
6
What is the units digit of 13913?
3
What is the thousands digit of 4139?
4
What is the units digit of 131?
1
What is the tens digit of 565?
6
What is the ten thousands digit of 77184?
7
What is the thousands digit of 48201?
8
What is the tens digit of 307?
0
What is the tens digit of 10891?
9
What is the thousands digit of 1491?
1
What is the tens digit of 8336?
3
What is the units digit of 1372?
2
What is the tens digit of 126330?
3
What is the thousands digit of 7544?
7
What is the tens digit of 46437?
3
What is the hundreds digit of 30251?
2
What is the units digit of 12583?
3
What is the units digit of 787?
7
What is the thousands digit of 4013?
4
What is the thousands digit of 5507?
5
What is the thousands digit of 6635?
6
What is the units digit of 16006?
6
What is the units digit of 8891?
1
What is the units digit of 314?
4
What is the units digit of 63?
3
What is the units digit of 6944?
4
What is the units digit of 48514?
4
What is the tens digit of 61?
6
What is the ten thousands digit of 16740?
1
What is the tens digit of 17366?
6
What is the tens digit of 20563?
6
What is the units digit of 685?
5
What is the hundreds digit of 1791?
7
What is the units digit of 6510?
0
What is the hundreds digit of 738?
7
What is the thousands digit of 140458?
0
What is the units digit of 1111?
1
What is the tens digit of 21635?
3
What is the units digit of 859?
9
What is the units digit of 8794?
4
What is the units digit of 8464?
4
What is the tens digit of 2860?
6
What is the thousands digit of 2399?
2
What is the units digit of 14327?
7
What is the hundreds digit of 46254?
2
What is the tens digit of 1314?
1
What is the tens digit of 958?
5
What is the hundreds digit of 21530?
5
What is the hundreds digit of 3923?
9
What is the tens digit of 709?
0
What is the units digit of 72682?
2
What is the hundreds digit of 1110?
1
What is the tens digit of 6892?
9
What is the hundreds digit of 21635?
6
What is the tens digit of 14404?
0
What is the thousands digit of 16095?
6
What is the thousands digit of 46957?
6
What is the thousands digit of 57695?
7
What is the units digit of 76?
6
What is the units digit of 9325?
5
What is the ten thousands digit of 33935?
3
What is the thousands digit of 1063?
1
What is the thousands digit of 23454?
3
What is the tens digit of 10640?
4
What is the tens digit of 5223?
2
What is the tens digit of 5763?
6
What is the tens digit of 37617?
1
What is the units digit of 3494?
4
What is the hundreds digit of 3716?
7
What is the hundreds digit of 16481?
4
What is the hundreds digit of 10217?
2
What is the units digit of 2093?
3
What is the units digit of 1759?
9
What is the thousands digit of 47706?
7
What is the tens digit of 920?
2
What is the thousands digit of 6606?
6
What is the units digit of 409?
9
What is the thousands digit of 4169?
4
What is the tens digit of 8384?
8
What is the tens digit of 1083?
8
What is the thousands digit of 10909?
0
What is the tens digit of 3708?
0
What is the tens digit of 2042?
4
What is the tens digit of 4935?
3
What is the units digit of 6425?
5
What is the ten thousands digit of 57508?
5
What is the tens digit of 9513?
1
What is the units digit of 61741?
1
What is the thousands digit of 6169?
6
What is the units digit of 9146?
6
What is the ten thousands digit of 18824?
1
What is the units digit of 45365?
5
What is the thousands digit of 2904?
2
What is the thousands digit of 1461?
1
What is the tens digit of 155?
5
What is the tens digit of 33092?
9
What is the units digit of 992?
2
What is the tens digit of 6282?
8
What is the thousands digit of 37726?
7
What is the tens digit of 8971?
7
What is the hundreds digit of 90083?
0
What is the hundreds digit of 6597?
5
What is the units digit of 197933?
3
What is the tens digit of 440?
4
What is the units digit of 815?
5
What is the tens digit of 483?
8
What is the hundreds digit of 3271?
2
What is the hundreds digit of 1074?
0
What is the tens digit of 833?
3
What is the tens digit of 3044?
4
What is the units digit of 2916?
6
What is the hundreds digit of 49943?
9
What is the hundreds digit of 65197?
1
What is the tens digit of 4035?
3
What is the thousands digit of 27290?
7
What is the tens digit of 527?
2
What is the tens digit of 1801?
0
What is the tens digit of 2331?
3
What is the hundreds digit of 146989?
9
What is the tens digit of 2337?
3
What is the units digit of 2097?
7
What is the units digit of 952?
2
What is the thousands digit of 115605?
5
What is the tens digit of 2158?
5
What is the tens digit of 1736?
3
What is the hundreds digit of 349?
3
What is the tens digit of 389?
8
What is the units digit of 247?
7
What is the hundreds digit of 10634?
6
What is the tens digit of 9917?
1
What is the units digit of 23292?
2
What is the hundreds digit of 328?
3
What is the thousands digit of 2529?
2
What is the hundreds digit of 13266?
2
What is the thousands digit of 6615?
6
What is the thousands digit of 16571?
6
What is the units digit of 5?
5
What is the hundreds digit of 1074?
0
What is the units digit of 534?
4
What is the hundreds digit of 812?
8
What is the tens digit of 1515?